ite?
False
Is 44051494919 composite?
True
Is 14919599441 prime?
True
Is 22280606269 composite?
False
Is 103961736401 composite?
False
Is 61488807587 a prime number?
True
Is 3244792361 a prime number?
True
Is 6982189547 prime?
True
Is 47875233883 a composite number?
True
Is 61078609 composite?
True
Is 137812121501 composite?
False
Is 2518140869 a composite number?
True
Is 967798913 a prime number?
True
Is 1173624289 a composite number?
True
Is 9009816259 prime?
False
Is 7837037053 a prime number?
False
Is 46575207295 composite?
True
Is 177692673491 a composite number?
True
Is 183416737 prime?
False
Is 1152166637 composite?
True
Is 58046039111 a prime number?
False
Is 650199761 a composite number?
False
Is 2956680637 prime?
True
Is 6193935859 a prime number?
True
Is 795314347 composite?
False
Is 4404972523 a prime number?
False
Is 13533175403 prime?
False
Is 11438483071 composite?
False
Is 15342421243 a prime number?
False
Is 1077663817 a composite number?
False
Is 1006844291 composite?
True
Is 62600245057 prime?
False
Is 18699441751 a prime number?
False
Is 3235206181 composite?
False
Is 3143737843 composite?
False
Is 11213402219 a composite number?
True
Is 47237594149 a composite number?
False
Is 16027553027 a composite number?
True
Is 3938210443 prime?
False
Is 39185441 a composite number?
False
Is 303404867 a prime number?
False
Is 363376619 composite?
False
Is 37153318457 a composite number?
True
Is 6839721667 a prime number?
True
Is 67116809351 a composite number?
True
Is 2792892287 a composite number?
True
Is 4196770283 a prime number?
True
Is 700380169 a composite number?
False
Is 2831664049 a composite number?
True
Is 1112923267 composite?
True
Is 23114568689 prime?
True
Is 3574441271 composite?
False
Is 44387635319 a prime number?
True
Is 119664011 composite?
True
Is 4583800813 a prime number?
False
Is 293705947 a prime number?
False
Is 902761679 composite?
True
Is 11003151977 a composite number?
True
Is 18288005431 a composite number?
False
Is 58614507439 composite?
True
Is 7589084471 a prime number?
True
Is 1147507201 a prime number?
False
Is 26301559433 prime?
True
Is 61331465757 a prime number?
False
Is 561546779 composite?
False
Is 4901608891 a composite number?
False
Is 7707892367 a composite number?
True
Is 1304775947 composite?
True
Is 5433032827 prime?
False
Is 740519981 prime?
False
Is 5292709 composite?
False
Is 707439703 a prime number?
False
Is 11367852311 composite?
False
Is 395312497 a composite number?
False
Is 5818485523 prime?
True
Is 630970819 prime?
True
Is 153489797 a composite number?
False
Is 1033301095 composite?
True
Is 3525530026 a prime number?
False
Is 27725211947 a composite number?
True
Is 501140351 composite?
True
Is 875985497 a prime number?
True
Is 8804028193 composite?
True
Is 17906389285 prime?
False
Is 60767456137 prime?
True
Is 43276200673 a prime number?
True
Is 28899363841 a composite number?
False
Is 109256738089 a composite number?
False
Is 3734459891 a prime number?
False
Is 172325741317 composite?
True
Is 3152660933 prime?
True
Is 5856582274 composite?
True
Is 231617387 prime?
True
Is 140374203 composite?
True
Is 5394949279 composite?
False
Is 12731491537 a composite number?
False
Is 478473587 prime?
False
Is 831463039 composite?
True
Is 153347412079 a prime number?
False
Is 34061224387 a composite number?
True
Is 5024463289 prime?
True
Is 34742463337 prime?
True
Is 10572981077 a prime number?
False
Is 10564846329 prime?
False
Is 357803071 composite?
False
Is 17207880647 prime?
True
Is 5163742277 prime?
True
Is 1038542887 composite?
False
Is 874230403 a composite number?
False
Is 524671489 a prime number?
True
Is 1182518539 a prime number?
True
Is 4260710717 composite?
False
Is 335718489 a composite number?
True
Is 11339841533 a composite number?
False
Is 2499294502 composite?
True
Is 869508557 a composite number?
True
Is 13490821279 a composite number?
True
Is 1037201209 prime?
False
Is 1111108363 a composite number?
True
Is 1165350847 composite?
False
Is 64503159745 a prime number?
False
Is 6310020131 a prime number?
True
Is 2707974553 a prime number?
True
Is 39525353281 composite?
False
Is 127101001 a composite number?
False
Is 232822503787 a prime number?
True
Is 3098430143 composite?
False
Is 3104001011 a composite number?
False
Is 20667851629 prime?
False
Is 3023957933 a prime number?
False
Is 763492501 a composite number?
False
Is 24481344821 composite?
False
Is 1471898983 prime?
False
Is 22324030702 a prime number?
False
Is 50063895503 composite?
False
Is 940207991 a composite number?
True
Is 11620109101 prime?
True
Is 300344939 a composite number?
True
Is 53698135169 a composite number?
True
Is 2500809551 a composite number?
True
Is 395598149 composite?
True
Is 120483560245 a prime number?
False
Is 22985616839 prime?
True
Is 181294714969 a composite number?
False
Is 629110169 a prime number?
True
Is 401652959 a composite number?
True
Is 19430362586 a prime number?
False
Is 645810131 a composite number?
False
Is 47214527 composite?
False
Is 1942372403 a composite number?
False
Is 566310863 prime?
False
Is 226346178847 composite?
False
Is 806650553 composite?
False
Is 31406192549 a composite number?
False
Is 406264373 a prime number?
False
Is 87566157331 a prime number?
False
Is 18379615801 prime?
False
Is 775435561 a prime number?
True
Is 1033640249 composite?
False
Is 7486043489 prime?
False
Is 64920371 composite?
False
Is 710268131 a composite number?
False
Is 3231676895 a prime number?
False
Is 1159934801 composite?
True
Is 176466029 a prime number?
False
Is 2673183679 prime?
False
Is 106576651 composite?
True
Is 1245862819 a composite number?
True
Is 43410022807 prime?
True
Is 776262671 composite?
False
Is 307312777 prime?
True
Is 155114472289 prime?
False
Is 760641647 a composite number?
True
Is 16517102077 composite?
True
Is 488289161 prime?
True
Is 11763941005 a prime number?
False
Is 6480940087 composite?
False
Is 1740152005 a prime number?
False
Is 12008557207 composite?
True
Is 2160239381 composite?
False
Is 53327816999 prime?
False
Is 10954374119 prime?
False
Is 527639093 composite?
False
Is 480548129 composite?
True
Is 99634193 a prime number?
True
Is 33323746683 a prime number?
False
Is 30140291411 prime?
True
Is 9815285929 a composite number?
False
Is 12247629217 a composite number?
False
Is 113622589 prime?
False
Is 1135707631 prime?
True
Is 41770338551 a composite number?
False
Is 3461799329 a composite number?
False
Is 68620051 a composite number?
False
Is 18440786213 a composite number?
False
Is 16587647009 prime?
True
Is 294183817 composite?
False
Is 409483169 prime?
True
Is 11977830721 a prime number?
True
Is 12142413131 composite?
False
Is 2978580295 a composite number?
True
Is 28819739407 a composite number?
False
Is 384109667 composite?
False
Is 2121742361 prime?
False
Is 705681941 a prime number?
True
Is 4860034651 composite?
True
Is 52560187 a composite number?
True
Is 777422787 a composite number?
True
Is 31234217709 a composite number?
True
Is 964588613 a prime number?
True
Is 8478914443 a prime number?
True
Is 11203290733 a composite number?
False
Is 5449669541 a composite number?
True
Is 30803443501 prime?
True
Is 24637652911 prime?
False
Is 51432349879 a prime number?
True
Is 10759537631 a composite number?
True
Is 1376491 a prime number?
True
Is 140692931 a prime number?
True
Is 101688739 a composite number?
True
Is 381944027 a composite number?
True
Is 2304339259 a composite number?
False
Is 3879984187 a prime number?
False
Is 1737268831 a prime number?
False
Is 8196954119 prime?
True
Is 958021627 composite?
False
Is 5168692289 a composite number?
True
Is 40289703079 prime?
True
Is 113236229 composite?
True
Is 2444642461 a prime number?
True
Is 1833424301 a composite number?
False
Is 32014225757 a composite number?
True
Is 884683869 a prime number?
False
Is 133844593007 composite?
False
Is 210353730259 prime?
False
Is 315625939 a prime number?
False
Is 8645494261 composite?
False
Is 1043752607 a composite number?
False
Is 15818955211 composite?
True
Is 4857640763 composite?
True
Is 3899698151 composite?
False
Is 16298666891 a prime number?
False
Is 10160767781 a prime number?
True
Is 1955716459 prime?
False
Is 48736699 a prime number?
False
Is 22429